et g be h(-1). Determine p(g).
-1
Let y be 4 - -1 - -1*(2 + -5). Let i(v) = -2*v**y - 5*v**2 + 50*v + 11 - 41*v - v**3. Give i(-8).
3
Let j(m) = 817*m**2 - 4 - m**3 + m - 812*m**2 + 0*m**3. Determine j(4).
16
Let j(o) be the first derivative of 2*o**3/3 + o**2/2 - 12*o + 38. What is j(0)?
-12
Suppose -p = 4 - 19. Suppose p*u = 14*u + 2. Let l(r) = -2*r**2 + 5*r - 4*r + 4 + 3*r**u - 5*r. Determine l(3).
1
Suppose -2*x + 195 = -o - 0*x, 5*x + 10 = 0. Let w = o + 331. Let k(i) = -w + i**2 + 132 + 3*i. What is k(-5)?
10
Let q(d) = d**2 + d. Let n(t) = 2*t**2 + 12*t + 9. Let u(b) = n(b) - 3*q(b). Let s be (15 - 10)*(0 + 3) + -8. Determine u(s).
23
Let d(u) = -7*u**2 - u. Let c(n) = 10*n**2 + 3*n + 1. Let w(f) = 2*c(f) + 3*d(f). Suppose 0 = -3*m + 2*b - 0 + 23, 0 = -m - 4*b - 11. What is w(m)?
-8
Let d(l) be the second derivative of 2*l**3/3 + 3*l**2 + 419*l. What is d(-7)?
-22
Let g be 12/(-2)*7/7. Let r(l) be the third derivative of 0 + l**3 + 34*l**2 + 1/60*l**5 + 0*l + 1/4*l**4. What is r(g)?
6
Let v(w) = w - 11. Let h be v(11). Suppose i - 4*i + 9 = h. Suppose -j = i*j - 12. Let t(y) = -y. What is t(j)?
-3
Let c(j) be the second derivative of -j**3/6 - 13*j**2 - 79*j. Calculate c(-8).
-18
Let p(v) be the third derivative of v**6/720 + v**4/3 + 35*v**2. Let y(m) be the second derivative of p(m). Calculate y(-4).
-4
Suppose -v = v - 48. Suppose 4*d + 0*t + v = -2*t, d - 3*t + 20 = 0. Let s be -2 - -1*(-1 - d). Let g(n) = -2*n + 5. What is g(s)?
-5
Let o(a) = 3*a**2 + 24*a + 17. Let r(p) be the first derivative of p**3/3 + 4*p**2 + 6*p - 1. Let l(f) = 3*o(f) - 8*r(f). Suppose 9*v = -665 + 602. Give l(v).
-4
Let r(x) = x**3 + 13*x**2 + 11*x - 26. Suppose 4*s + 56 = 4*p, 5*s - 3*p = -95 + 29. What is r(s)?
-14
Let q(o) = o + 1. Let i(a) = 8*a + 1. Let n(j) = -j**3 - 6*j**2 + j + 5. Let w be n(-6). Let c be i(w). Calculate q(c).
-6
Suppose 0 = -0*f - 3*f + 12. Let j be 32/24*6/f. Let u(v) = 4*v**2 + 0*v**2 + 0 + 2*v - 4 - j*v**2. Determine u(-3).
8
Let x(r) = 2*r**2 + r. Suppose z = 3*q + 1, -8 + 0 = 4*z. Determine x(q).
1
Suppose 0 = -3*q + 4*j + 46, -13*q = -14*q - j + 6. Let l(w) = -11*w + 27*w - 5*w**2 - w**3 - 4 - q*w. Determine l(-6).
-4
Let r(s) = s**2 + 8*s - 5. Suppose 31*z - 36*z + 60 = 0. Let m be (z/(-5))/((-37)/10 - -4). What is r(m)?
-5
Let g(w) = 0*w + 61 - w + 32 - 67. Calculate g(16).
10
Let y be 133/28 + -3 + 9/4. Let i(a) = a - 2. Give i(y).
2
Let r(h) = 2*h + 2. Let k be r(2). Let o(i) be the third derivative of i**5/60 - i**4/4 - i**3/2 - 25*i**2. Calculate o(k).
-3
Let r be (-1)/3 - 118/6. Suppose -4*h = h + 10, -2*a - 2*h = -46. Let f = a + r. Let n(s) = 2*s - 6. What is n(f)?
4
Let y(x) = 5. Let f(l) = 2*l + 4. Let w(a) = -f(a) - 2*y(a). Determine w(-6).
-2
Let n(o) = o**3 - 6*o**2 - 4*o - 6. Suppose -14*a + 10*a + 3*r + 12 = 0, a + 6 = 3*r. Give n(a).
-30
Let j(g) = -g - 11. Let p = -619 + 604. Calculate j(p).
4
Let l(j) be the first derivative of -j**6/120 + 2*j**5/15 + 5*j**4/12 - 9*j**2/2 + 48. Let g(s) be the second derivative of l(s). Determine g(9).
9
Let i(d) = d**2 - 2*d + 3*d + d**3 - 1 - 4*d**2. Let v be i(3). Let g(n) = 2 + 5 + v*n**2 - 4 - 3*n. Give g(2).
5
Let p(m) = 20*m**2 + 34*m - 14. Let l(z) = -7*z**2 - 12*z + 5. Let y(r) = -17*l(r) - 6*p(r). Let g = 8 + -8. Calculate y(g).
-1
Let z be -3 + ((-2)/1 - -2). Let h be 6/4*z*-6. Let r(t) = 1 - h*t + 1 + 26*t. What is r(3)?
-1
Let t be (0 + 3)*(3 - (-3 + 5)). Let v(j) = -2*j + 0*j + 3 + j**t + 2 + 3 - 6*j**2. Calculate v(6).
-4
Suppose -384 = -531*w + 467*w. Let l(h) = 2*h**3 - 3*h**3 + 7*h**2 + 0*h**3 - 5 - 6*h. Calculate l(w).
-5
Let c(n) be the third derivative of -1/120*n**6 + 0*n - 1/15*n**5 - 1/3*n**3 - 1/6*n**4 + 6*n**2 + 0. Calculate c(-3).
1
Let j = 7 - 17. Let t(s) = 4*s**3 - s**2 - 5*s**3 + 1 - 5*s**2 - 3*s**2 + 10*s. Determine t(j).
1
Let h = -4 + 7. Let x(z) = 3*z + 3*z - h - z. Suppose 39*u + 10 = 44*u. What is x(u)?
7
Let g be 1/((-575)/145 + 4). Let k = g + -26. Let n(f) = 3 - f - k*f + 5*f + f. Calculate n(-7).
-11
Let c(a) = -a**2 + 7*a - 11. Let h be c(4). Let s be (h/2)/(-1 - 20/(-16)). Let u(g) = -g**3 + 5*g**2 - 2. Calculate u(s).
10
Let i(r) be the third derivative of 0 - 1/10*r**5 + 0*r - 5/24*r**4 - 1/3*r**3 - 1/120*r**6 - 19*r**2. Let t be ((-5)/4)/(2/8). Determine i(t).
-2
Suppose 5*w - 3*p = 63 - 11, 0 = w + 4*p + 8. Suppose -9*u + 5*u = w. Let z(n) be the second derivative of 2*n**3/3 - 13*n. What is z(u)?
-8
Suppose 3*a = -3*a. Let x(u) be the third derivative of -2/3*u**3 + 0*u + 1/120*u**6 + 1/60*u**5 - 1/24*u**4 - 2*u**2 + 0. What is x(a)?
-4
Let b be 12 - 13 - 6/2. Let v(i) = 3*i**2 + 10*i - 1. Let r(c) = -4*c**2 - 11*c + 2. Let j(d) = -2*r(d) - 3*v(d). Determine j(b).
15
Let a(x) = x**2 - 4*x - 2. Let k(l) = -l**2 + 2*l + 1. Let z(c) = -4*a(c) - 7*k(c). Suppose -3 = b - g, 4*b - 7*g + 8*g = -7. Give z(b).
9
Let c(f) = 7*f + 4. Let s(a) = 7*a + 24. Let x be s(-4). What is c(x)?
-24
Let h(s) = -5*s**2 - 6*s + 9. Let l(v) = -3*v**2 + 4*v + 4. Let p(z) = z**2 - z - 1. Let m(j) = -l(j) - 4*p(j). Let y(x) = h(x) - 6*m(x). What is y(6)?
9
Let r(w) = 2*w**3 + w**2 + 4*w - 9. Let d be r(0). Let g(u) = u**3 + 9*u**2 - 6*u - 10. What is g(d)?
44
Let w(u) = u**3 - 12*u**2 - 14*u + 7. Suppose 0 = 13*h - 9 - 160. Give w(h).
-6
Let z(w) = w - 8. Let r be z(12). Suppose 3*b = -r*u - 7 + 23, 3 = b - u. Let x(k) = -k - 3*k**2 + b*k**3 + 0*k + 0*k**3 + 3 - 3*k**3. Calculate x(4).
15
Let w = -69 + 71. Let g(n) be the first derivative of -1/4*n**4 + 1/2*n**2 - 3 + 0*n**3 + w*n. Give g(-2).
8
Let l(x) be the second derivative of -x**5/20 + 5*x**4/6 - 13*x**2/2 + 2*x. Give l(10).
-13
Suppose -1121 = 9*p - 1103. Let u(t) = t**3 - 3*t**2 - 4*t - 2. Give u(p).
-14
Let m be -3*(-2)/(-9)*-12*3. Suppose 9*x + m = 13*x. Let g(w) = -w. Calculate g(x).
-6
Suppose -82*u = -j - 83*u + 2, -3*j + 31 = -2*u. Let d(y) = y**3 - 7*y**2 + 3*y - 8. Give d(j).
13
Let q(o) = 2*o. Let i(b) be the second derivative of -b**3/6 - 11*b**2/2 - 21*b. Let d be i(-8). Determine q(d).
-6
Let w be (-21)/2 + 8/16. Let d = w - -7. Let u(t) be the third derivative of t**5/60 - t**4/24 - 2*t**2. Give u(d).
12
Let a(h) = -h**3 - 7*h**2 - 5*h + 8. Let v(d) = d**3 + 12*d**2 - 44*d + 10. Let g be v(-15). Determine a(g).
-17
Let a(q) = -q**3 + q**2 - q - 1. Suppose -2*t - 3 = -5. Let w be 11/11*(t + 1). Calculate a(w).
-7
Let n(q) be the second derivative of 5*q**3/6 + 27*q**2/2 + 13*q - 24. Give n(-7).
-8
Let m be 3*(-6)/21*7. Let b(g) = 2 + 66*g**2 - 71*g**2 + 8*g + 10*g**3 - 11*g**3. What is b(m)?
-10
Let j(c) = 5*c**3 + 7*c**2 - 4*c - 5. Let u(s) = -9*s**3 - 14*s**2 + 9*s + 11. Let z(i) = -7*j(i) - 4*u(i). Give z(-8).
-9
Let j be 10 + -12 - (-1 + -4). Let p(o) = o**2 + o**2 - 4*o - 13*o - 7*o + 27*o - o**3 + 1. Calculate p(j).
1
Let l = 8 - 3. Let y be (2*(-10)/15)/(2/(-3)). Let g(q) = -q**3 + 1 + 0*q + 2*q**2 - 3*q + 4*q**y - 2*q. Determine g(l).
1
Let z(r) = 2*r + 8. Suppose -3*o + 5*g + 23 = 0, -3*g - 12 = 3*o - 3. Let k(t) be the first derivative of -t - 84. Let i(h) = o*z(h) + 3*k(h). What is i(-6)?
-7
Let n = 0 + -4. Let v be 3*7/((-21)/(-2)). Let q(u) = -15*u**3 - 4*u + 5 - 18*u**3 + 32*u**3 - 5*u**v. Give q(n).
5
Let r(h) = -h**2 + 9*h - 6. Suppose s = -t - 3*s + 12, 4*t + 24 = 2*s. Let w be 9*(-1 - (-6 - t)). Give r(w).
-6
Let n be ((-5)/10)/(1*(-18)/3). Let q(l) be the third derivative of n*l**4 + 0 + 0*l - 1/6*l**3 - 5*l**2 - 1/15*l**5. Calculate q(1).
-3
Suppose -4*o = -o + 3. Let q be 0/((-4)/o) + -7. Let d(w) be the third derivative of w**4/24 + w**3/2 - 4*w**2. What is d(q)?
-4
Let c(x) = -x + 4 + 11*x + 0*x - 12*x. Give c(5).
-6
Let p(h) = 3*h**2 + 53*h + 101. Let t be p(-2). Let j(x) = -x**2 + 8*x + 1. Determine j(t).
8
Let x(w) = w**2 - 14*w - 11. Let j(f) = f**2 - 15*f - 11. Let d(m) = 2*j(m) - 3*x(m). Calculate d(13).
-2
Let w be 6 + (22/(-8))/((-2)/(-8)). Let g(o) = -o**3 - 6*o**2 + 2*o. Give g(w).
-35
Let d(q) = 2*q - 13. Let n be d(6). Let b(p) = 14*p. Determine b(n).
-14
Let i(f) = f**3 + 3*f**2 - 2*f + 3. Let x(w) = 2*w - 4*w - 8 + 0*w + 3*w. Let j be x(12). Suppose -2*q - j = -q. Give i(q).
-5
Let v be 21/(-14)*(-10)/3. Let p(b) be the first derivative of 1/4*b**4 - 4/3*b**3 + 3 - 5/2*b**2 + 3*b. Give p(v).
3
Let u(c) = c - 3. Let a(g) = g**3 + 9*g**2 - 7. S